 f**2 - 4*f - 2. Let q be (16/(-32))/((-1)/(-2)). Is z(q) a composite number?
False
Let b = 88 + -86. Suppose 2*z + b*z - 2*h - 6554 = 0, -3281 = -2*z - 3*h. Is z a composite number?
True
Suppose 2*q = -4*n - q + 26, q = 4*n - 18. Suppose n*r - 2 = 8. Suppose -f + 143 = -2*m, -r*m + 273 = 2*f - 31. Is f a composite number?
False
Suppose -1624 - 1379 = -7*m. Let g = m + -18. Is g a composite number?
True
Let h = 1514 - -3203. Is h a prime number?
False
Let t(u) = -54*u - 12. Let v be t(-4). Suppose -3*o = -1143 - v. Is o prime?
True
Suppose -17*n + 43930 = 29*n. Is n a prime number?
False
Suppose -19*k = -6*k - 2054. Is k prime?
False
Let c = -543 - -13392. Is c prime?
False
Let s = -72 - 240. Let j = s + 1697. Is j composite?
True
Suppose -38*k - 309 = -41*k. Suppose -k - 70 = -4*q + 5*b, q - 4*b - 57 = 0. Is q a composite number?
False
Let t = -967 - -4441. Let n = -2033 + t. Is n a prime number?
False
Suppose -2*b + 3*h = 1603 - 609, -10 = -5*h. Let c = 712 + b. Let k = 337 - c. Is k a prime number?
False
Suppose -n - 159 = b, -3*n - 2*b + 109 = 587. Let j = -102 - n. Is j a prime number?
False
Suppose 4*l + 4 + 1 = c, 0 = 4*c - 4*l + 28. Let s = c - -16. Suppose -s*v + 472 = 3*y, 155 = -0*y + y + 4*v. Is y a composite number?
True
Suppose -4*l = -7*l + 102. Suppose -5*a = 146 + l. Let f = a + 133. Is f prime?
True
Let t(h) = h**3 + 67*h**2 - 23*h + 109. Is t(25) a prime number?
False
Suppose 0 = -2*a + k + 26 - 3, 0 = 3*a - 3*k - 33. Let v(j) = 3*j**2 + 16*j + 8. Let l be v(a). Let o = l - 213. Is o composite?
False
Let p(w) = -8*w**3 - 26*w**2 + w - 1. Is p(-14) a composite number?
True
Suppose 0 = -5*m + 8 + 67. Let u = -15 + m. Suppose 2*k - 5*j - 289 = u, 3*k = -k + 5*j + 603. Is k a composite number?
False
Let g be 5/((-15)/(-1146)) - 2. Suppose -7*z + g = -5*z. Suppose w = 5*f - 3*w - 457, 2*f = 4*w + z. Is f a prime number?
True
Is (3/9*9 - -41437) + -5 prime?
False
Let o = -6003 + 11272. Is o a composite number?
True
Suppose 2*n - 1723 = 473. Suppose 3*r - 2099 = -5*y, -2*r + 3*y + 314 = -n. Is r a composite number?
True
Let y(i) = i + 1064. Let x be y(0). Suppose -4*l = -w + 2*w - 223, -3*l = 5*w - x. Is w a composite number?
False
Let j = 12283 - 1485. Is j a composite number?
True
Let a(q) = 23*q**2 + q - 13. Let p be a(-6). Suppose 6*j + p = 7*j. Is j a composite number?
False
Suppose -3*b = 0, 0 = -4*t + 9*t + 5*b - 35. Suppose u - t*u + 16674 = 0. Is u composite?
True
Let z(r) = 155*r**2 - 21*r - 1. Is z(-7) composite?
False
Is -2 + 2 + 8 + 4629 a prime number?
True
Let l be (-622)/3*(-81)/6. Suppose 6*w - 3783 = l. Is w a composite number?
False
Let v(l) = 4*l**2 - l. Suppose 3*y - 3*r + 0*r = 12, -2*r - 11 = -5*y. Let p be v(y). Suppose w - 41 = -c + 2*c, -w + 49 = -p*c. Is w a composite number?
False
Suppose 4*n - 25 = 15. Suppose -3*v + v = -n. Suppose 2*j - 3*j - 5*p = 18, -v = p. Is j a composite number?
False
Let m = -3 + 10. Let t be -90*(m/2)/7. Let r = -19 - t. Is r a prime number?
False
Let d be 46618/10 + 2/10 - -3. Suppose -s = 2*s - d. Is s a prime number?
False
Suppose 0*z = -2*z + 8. Let s(v) = 4*v - 1 + 2 - v + 8*v**2 - 8. Is s(z) a prime number?
False
Suppose 0 = 2*p + 3*q - 9, -4*q + 3 = -p + 2. Suppose p*m = 1 + 17. Let n(t) = 2*t**3 - 5*t**2 - 9*t + 13. Is n(m) composite?
False
Let f = -4638 + 15351. Is f a composite number?
True
Let f be 537/21 - 16/28. Suppose v = 4, -124 = -3*c - 3*v - f. Is (c/4)/(3/36) prime?
False
Suppose j = l + 42619, -l + 54520 = j + 11893. Is j composite?
True
Suppose -3*h + 5*n = -0*h - 212, -2*h - n + 163 = 0. Suppose 2*u - h = u. Is u prime?
True
Suppose -3*n + 12 = 2*r - n, -n + 2 = 0. Suppose 3*s + 2 = 2*s + 4*d, 3*s = r*d + 2. Suppose -s*a + 39 = 5*v, -5*v = -4*a - v + 92. Is a prime?
False
Suppose 0 = g - 12. Let r = -7 + g. Suppose -r*l + 145 + 320 = 0. Is l prime?
False
Suppose 3*b - 4*h = -0*b + 12569, 0 = 2*h + 4. Is b composite?
True
Let j be ((-108)/10)/(12/(-40)). Suppose -2*o - j = -128. Suppose 4*r + 2*l = -r + 191, 3*l = -r + o. Is r prime?
True
Let m = -15 - -17. Suppose 0 = -y + m*y + 12. Is 1123/6 - (-2)/y prime?
False
Suppose s + 2*s = 5*h + 1423, 4*s - 1894 = 5*h. Is s a prime number?
False
Let y(u) = u**2 - 3*u + 2. Let z be y(2). Suppose z = -2*g - 96 + 274. Is g prime?
True
Let a(m) be the second derivative of -m**4/12 - 5*m**3/6 + 3*m**2 + m. Let o be a(-5). Suppose -d + o*p + 89 = p, 5*d - 3*p = 401. Is d composite?
False
Suppose 1748112 = 55*w - 7*w. Is w prime?
False
Let d be (-1 - 2958) + 16/(-4). Let m = d - -7560. Is m a prime number?
True
Let c = 98 - 103. Let d(k) be the third derivative of 8*k**5/15 + k**4/12 - k**3/2 + 2*k**2. Is d(c) composite?
False
Let l = 2817 + -1792. Let w = -479 + l. Let o = w - 295. Is o a composite number?
False
Suppose 38 = -4*j + 2*j. Let f = j - -21. Let p(d) = 242*d + 3. Is p(f) prime?
True
Is (826/42)/(1/291) a prime number?
False
Suppose 74*j = 107*j - 762465. Is j composite?
True
Let j = 6 - 2. Suppose 0 = -w - 5*z, -z - 3*z = -j*w + 24. Suppose -2*n - 3*n = 5, 2*n = w*v - 337. Is v prime?
True
Let b(a) = -358*a + 5. Let q be b(-10). Suppose -i + q = 5*t + 3*i, 3*t = -2*i + 2149. Is t a prime number?
False
Let w = 10 + -17. Let g(z) = -27*z - 7. Let y be g(w). Suppose 2*k - 4*f - y = -0*k, k = -2*f + 103. Is k a composite number?
False
Let r = -207 - -341. Let x = -16 - -16. Suppose j + j - r = x. Is j composite?
False
Suppose -5*f + 42 = -12*f. Let a(y) = -y**2 - 6*y + 11. Is a(f) prime?
True
Let t(b) = b + 223. Let s be (48/(-14))/((-18)/63). Let z = 12 - s. Is t(z) prime?
True
Suppose -c + a = 2 + 9, -2*c - 20 = -a. Suppose -5*b = -5*y - 70, -b + 2*y + 19 = -0*b. Is 6/c + 8169/b a composite number?
False
Suppose 6*j - 18140 = -14*j. Is j a composite number?
False
Let v = 6 - 3. Let k be 2756/78*126/4. Suppose 3*s - k = v*l - 0, -l - 1839 = -5*s. Is s composite?
False
Suppose -2*k - 2*n - n - 770 = 0, k + n + 383 = 0. Is 3 - 0 - (-2 + 5) - k a prime number?
True
Let x = -65229 - -175568. Is x composite?
False
Let q be 1744 + -7 + 3 + -2. Suppose 7010 - q = 8*c. Is c composite?
False
Let k be (1*-5)/(-1) + -2. Let j(v) = 3*v + 93. Let q be j(-19). Is (k/(-6))/((-2)/q) composite?
True
Let p be 3*1*(228/(-18) - 2). Is 3*(4 - p/(-12))*1111 a prime number?
False
Let n(q) = q**3 + q**2 + 4. Let b be n(0). Is (b + -2)/(((-4)/673)/(-2)) a composite number?
False
Let f(q) = q - 1. Let g be f(6). Suppose -14 = 3*w - g*w. Let r = w - -204. Is r composite?
False
Let x be (-154)/(-3) + (-4)/(-6). Let c = 1296 + -873. Suppose 5*a - x - c = 0. Is a a composite number?
True
Suppose -118 + 1329 = g. Let f = 2 + -12. Is (-4)/f - g/(-35) a composite number?
True
Let t = -211 + 149. Let j be (t/3)/(8/(-60)). Suppose -3*m = 2*m - j. Is m prime?
True
Is -3964*(14/(-56) + 1*-1) composite?
True
Let i(g) = g**2 - 11*g + 3. Let j be i(12). Let d be 0*(2 + j/(-6)). Is 1*(-4 + d + 162) composite?
True
Suppose -3569 = -3*w + 5*o, 3*w - 5*o = -2*w + 5955. Suppose -5*m = 3*u - w, 527 = 3*u - 4*m - 630. Is u prime?
False
Suppose 2*o = 4*o + 2*l - 54892, 2*l = -6. Is o composite?
False
Let p(m) = -7*m**3 - 2*m**2 - 8*m + 1. Is p(-4) a composite number?
False
Let y = 6776 + -2229. Is y prime?
True
Suppose -5*n = -4*o - 15, -5 = 2*o - 5*n + 10. Suppose o = -2*x - 10, -y + 5*y - 895 = -5*x. Is (y/4)/((-12)/(-24)) prime?
False
Let p(u) = u**3 - 20*u**2 + 18*u + 23. Let l be p(19). Let j(s) = 27*s**2 - 8*s + 9. Is j(l) a prime number?
True
Let t be (-24)/30*(-5)/2. Suppose d - t*a = 1, a - 2*a = 3*d - 10. Let u(w) = 4*w**3 + 3*w**2 - 1. Is u(d) prime?
False
Let y = 64546 + 6581. Suppose -r + y = 8*r. Is r a prime number?
False
Let y = -43 + 45. Suppose m + 715 = 2*m + l, -4*m = y*l - 2868. Is m composite?
False
Let j = 33 + -28. Suppose -r = -8*x + 3*x - 1738, j*r - 2*x - 8805 = 0. Is r a composite number?
True
Let g be (33/22)/(3/2416). Let w = -805 + g. Is w composite?
True
Let n = -11 - -14. Suppose -5*z = -3*k + 19, 0*z - 25 = -n*k - z. Suppose 95 = k*s - 3*s. Is s prime?
True
Suppose -2*x - 9 = -0*x - 5*r, 3*x - 6 = r. Suppose -x*n - 1997 = -2*b, -n - 1071 + 71 = -b. Is b a composite number?
True
Let n(k) = -131*k + 1. Let s = 35 + -37. Is n(s) composite?
False
Let v(w) = 284*w**2 - 14*w + 11. Let k(t) = 189*t**2 - 9*t + 7. Let q(b) = 8*